*3 + v - 1. Determine c(q).
-26
Let w(m) = 2*m**3 + 2*m**2 - 2*m - 1. Suppose -5*v = -7*v + 16. Suppose 2*d - 4*a + v = 0, -5*a + 5 = -d - 2. Determine w(d).
-5
Let a(u) = u - 9 - u**3 + u**2 + 0*u**2 - 2*u. Let m(h) = 3*h - 2. Let f(x) = -5*x + 3. Let j(n) = 5*f(n) + 8*m(n). Let z be j(-1). Give a(z).
-9
Suppose 0 = -6*v + v. Let z(a) be the first derivative of a**3/6 - a**2/2 - 3*a - 1. Let l(x) be the first derivative of z(x). Determine l(v).
-1
Suppose -2 + 6 = h - f, h + 3*f + 4 = 0. Let g(w) = 2*w - 1. Calculate g(h).
3
Let t(b) = b**3 + 5*b**2 + 2*b + 7. Suppose -4*x = 7 - 27. Suppose x*d - 2*s + 26 + 3 = 0, 20 = -2*d + 5*s. Determine t(d).
-3
Let f(r) = 4*r + 5*r**3 + 0*r**3 + 2*r**2 - 2 - 6*r**3. Let l(n) = n**3 - 5*n**2 + 5*n - 1. Let x be 3/(3/(-24)*-6). Let c be l(x). Determine f(c).
1
Let a(t) be the first derivative of -t**4/4 - 4*t**3/3 - t**2/2 - 4*t + 10. Calculate a(-4).
0
Suppose -26 = 4*c - 10. Let b(d) be the second derivative of 0 - d + 1/6*d**3 + 0*d**2. Determine b(c).
-4
Suppose -4*s = -3*c + 10, -2*s - 10 = -4*c - 0*s. Let h(k) be the first derivative of c*k + 3/2*k**2 + 2 + 1/3*k**3. What is h(-2)?
0
Suppose 0 = 2*m + m + 18. Let u = m - -3. Let k(o) = -1 + 3*o + 3 - o**3 - 2*o - 3*o**2. Determine k(u).
-1
Let t(r) = -r**2 - 9*r + 4. Suppose 0 = -10*f + 6*f - 32. Determine t(f).
12
Let a(y) = 3*y - 5 + 3 + 4 - 2*y. Let g = 3 + -7. What is a(g)?
-2
Suppose 0*w = -5*w. Let b(t) = -2 + 4 + w*t - t - 2*t. Determine b(4).
-10
Let j(s) = 4*s - 2 - 5*s + 2*s. Let y be j(6). Let p(v) = -v**2 + 6*v - 1. Let n(h) = -5*h**2 + 31*h - 6. Let w(i) = 2*n(i) - 11*p(i). Calculate w(y).
-1
Let c(x) be the third derivative of -x**7/2520 + x**6/180 + x**5/15 + x**4/8 - 4*x**2. Let u(l) be the second derivative of c(l). What is u(6)?
-4
Let y(m) = 2*m + 1. Suppose -5 = i - 1. Let k be (-14)/i - 6/12. Determine y(k).
7
Let y(s) = 3*s + 1. Let a(u) = -u**2 + 9*u - 10. Let d be a(7). Determine y(d).
13
Let n(j) = -7*j + 11 + j**2 - 2*j**2 - j. Let h be n(-9). Let f(a) = -a**3 - 4 + 2*a - a + 2*a**2 - 3*a**h. What is f(0)?
-4
Let q(i) = 2*i - 1. Suppose -7 = -p - 3. What is q(p)?
7
Let q(i) = -2*i - 5. Suppose 4*p - 4 = d + p, 4*d - 4*p = 0. Let t be -2 + (53 - 1)/d. Let o be (-2)/12 + (-116)/t. Determine q(o).
5
Let t(x) = -x - 1. Let y be 2/6 + 11/3. Suppose -3*w = -2*w. Suppose -4*c = 0, -2*q - 3*q + y*c - 10 = w. Give t(q).
1
Let s(f) = 7*f**2 + 5*f - 6. Let c(i) = 6*i**2 + 4*i - 5. Let r(d) = -4*c(d) + 3*s(d). Let o = -18 + 25. Let z = o + -9. Give r(z).
-8
Let d(o) = o + 4. Suppose 0 = 2*a - 6*a + 20. Calculate d(a).
9
Let b(d) = -d - d - 3*d. Let n be (-145)/(-30) + (-2)/(-12). Let y be n + -8 - (-4 + -1). Give b(y).
-10
Suppose 3*w + 2*w - 16 = i, 2*w = i + 7. Let f(n) = -7*n**2 + 2*n + 1. Determine f(i).
-8
Let r(q) be the third derivative of -2*q**2 + 1/24*q**4 + 0 + 1/6*q**3 + 0*q. What is r(1)?
2
Let v(w) be the second derivative of -w**5/10 - w**4/6 - w**2 - 2*w. Suppose 4*z - 2*z + p = 0, 5*z - 5*p = -30. What is v(z)?
6
Let u(m) = m**2 - 11*m - 9. Let n(s) = 4*s**2 - 34*s - 26. Let d(c) = -2*n(c) + 7*u(c). Determine d(-8).
-3
Let n(k) be the second derivative of -k**4/12 + 2*k**3/3 + k. Let m be 63/15 - 3/15. Give n(m).
0
Suppose -3*b + 8 = -7. Let l = 8 - b. Let h(s) = s - s**3 + 4*s**2 - 4*s + 0*s + 3. Determine h(l).
3
Suppose -4*g - 7 = 5. Let q(z) = -3*z - 7. Let b be q(g). Let v(a) = 3*a**2 - a - a + 3*a - a**3. Determine v(b).
6
Suppose -8*k + 12 = -5*k. Let x(y) = -2 + 3 + 4*y - y - y**2. Calculate x(k).
-3
Let q(b) be the third derivative of b**5/60 + b**4/12 + b**3/6 + 8*b**2 + 2*b. Give q(-1).
0
Let g(i) be the second derivative of i**5/20 + 5*i**4/12 - 5*i**3/6 + 2*i**2 + 4*i. Let v be ((-6)/(-5))/(1/(-5)). Determine g(v).
-2
Let v(r) be the second derivative of -r**5/120 + r**4/12 - r**3/6 - 3*r. Let y(l) be the second derivative of v(l). Let p be 4/(-14) - 12/7. Determine y(p).
4
Let z = -63 - -68. Suppose 2*l + 0 = 2. Suppose -3*i = -z - l. Let s(r) = 2*r**3 - 3*r**2 - r + 2. Calculate s(i).
4
Let z(d) = -d**3 + 4*d**2 + d - 3. Suppose 4*n = 8*n - 16. Let y be z(n). Let t(o) = 5*o + 1. Calculate t(y).
6
Let z(r) = 7*r. Let t(m) = m. Let q(n) = n**2 + 5*n + 5. Let d be q(-4). Let p be 0/3 - (0 + 2). Let c(j) = d*z(j) + p*t(j). Determine c(1).
5
Let p = -15 - -17. Let l(y) = 2*y**3 - 3*y**2 + 2*y. What is l(p)?
8
Let z(u) be the second derivative of u**5/20 + u**4/3 - u**3 + 3*u**2 + 5*u. Let f(i) = -6*i**3 + 2*i**2 - i. Let h be f(1). Give z(h).
11
Let b(i) = 2*i**2 + 2. Let k be (20/(-12))/((-2)/6). Let j(r) = -3*r**2 - r - 5. Let h(d) = k*b(d) + 3*j(d). Determine h(5).
5
Let v(p) = 2*p + 6. Suppose 4*f - 25 = -7*j + 2*j, -4*f - j + 21 = 0. Suppose f = 4*w + 1. Let d be (-2)/w + 0 - 2. Calculate v(d).
-2
Let t(w) = -9*w**3 - w + 6. Let l(n) = -9*n**3 - n + 5. Let d(z) = 7*l(z) - 6*t(z). What is d(-1)?
9
Suppose 15 = -3*x - 4*r, -x = -6*x + 5*r + 10. Let c be -1 - (2 - 2)*x. Let o(i) = -7*i. What is o(c)?
7
Let p(u) = u + 4. Let n(z) = -8*z + 2. Let v be n(1). Determine p(v).
-2
Let t(g) = -5*g + 2. Let s(h) = -h - 2. Suppose 5*j + 4*v = -0*j - 16, -4*j + 3*v - 19 = 0. Let k be s(j). Calculate t(k).
-8
Let j be (2/(-3))/((-2)/6). Let c(f) = 2*f**2 - f**j + 0*f**2 - 3 + 0 + 3*f. Determine c(-4).
1
Let x(t) = 2*t + 3*t**3 - 2 + 4*t**2 - 2*t**3 + t**3. Let m = -50 - -48. Calculate x(m).
-6
Let k(y) = y**3 - 3*y**2 - 7*y + 5. Let c(t) = -t + 11. Let p be c(7). Determine k(p).
-7
Let h(z) = -2*z**3 - z**2 + 2*z - 1. Let n(d) = d + 2. Let l be n(2). Suppose 0*w + 4 = l*w. Determine h(w).
-2
Let l be 4*2/16*6. Let b(i) = -i - 4*i + 0 + l + 4*i. Determine b(6).
-3
Let i(p) be the first derivative of p**3/3 + 3*p**2 + 8*p + 8. What is i(-6)?
8
Let j(v) = -v**3 - 2*v**2 + 9. Let f(g) = 3*g**3 + 6*g**2 - g - 26. Let x(p) = 6*f(p) + 17*j(p). Let r be 4/(-18) - 34/9. Calculate x(r).
-11
Let l(q) = 6*q**3 - 4*q**2 + q + 6. Let b(y) = -7*y**3 + 4*y**2 - y - 7. Let c(r) = 5*b(r) + 6*l(r). Give c(4).
5
Let x(g) be the first derivative of 0*g + 1/6*g**4 + 1/6*g**3 + 1 - 3/2*g**2. Let o(d) be the second derivative of x(d). Determine o(1).
5
Suppose -5*x + 4 = -6*x. Let f(v) be the first derivative of -v**3 - 2*v - 1/4*v**4 + v**2 + 4. Calculate f(x).
6
Let o(n) = 5*n**3 - 6*n**2 - n - 2. Let a(l) = -4*l**3 + 5*l**2 + l + 3. Let z = 2 + -3. Let u be (-4 - z)*(-5)/3. Let r(y) = u*o(y) + 6*a(y). Calculate r(0).
8
Suppose l = -4*m, -l + 4*m = 2*l. Let i be 3 + 2 + l - 0. Let d(z) = z**3 - 6*z**2 + 6*z + 2. Give d(i).
7
Let m(a) = a**3 - 3*a**2 - 3*a - 2. Let y be m(4). Let n(d) = -3 - y*d + 0 + 2 - d. Calculate n(-2).
5
Let y = -4 - -7. Let p(j) be the second derivative of j**4/12 - 7*j**3/6 + j**2 + 7*j. Give p(y).
-10
Let a(j) = 0 + 5 + j - 2 + 2. What is a(4)?
9
Let c be (-1)/(-2*1 + 1). Let i(m) = -10*m - 1. Let o(u) = 9*u + 1. Let l(k) = -4*i(k) - 5*o(k). Determine l(c).
-6
Let g(m) = -4*m**3 + m + 1. Let r(x) = -x**3 + 6*x**2 - 1. Let b be r(6). Determine g(b).
4
Let s(x) = x**3 + 6*x**2. Let y be s(-6). Let c(u) = u**2 + y*u**2 - 1 + 7 - 5*u. Give c(6).
12
Let w(h) = 3*h**2 - 2*h + 5. Let l(t) = -t**2. Let f(p) = 4*l(p) + w(p). Give f(-4).
-3
Let r(h) be the second derivative of -h**3/2 - 5*h**2/2 - 8*h. Calculate r(-4).
7
Let x = 4 + -1. Suppose -6 = -x*v - 3*w, -v + 2*v + 4*w = 17. Let y(t) = -t**2 - 4*t. Let h(j) = -1. Let r(u) = 2*h(u) + y(u). Calculate r(v).
1
Let d(o) = 3. Let h(v) = v. Let f(j) = d(j) + 2*h(j). What is f(-4)?
-5
Let p(d) = 14*d + 23. Let y(q) = -5*q - 8. Let b(r) = 4*p(r) + 11*y(r). Suppose 0 = 4*x + 7 + 5. Give b(x).
1
Let h(x) = -x**2 + 7*x - 6. Suppose 4*c - 3 = -c - 3*v, -4*v - 10 = 2*c. Suppose -c*t - 12 = -6*t. Calculate h(t).
6
Let g(b) = 0*b - 2*b + b - 2. Let m(u) = -3*u - 2. Let z be m(-2). Suppose 0 = -3*x - 3*c, -c + 20 = z*c. Calculate g(x).
2
Suppose -2*h - 10 = -7*h. Suppose -h*p = -0*p - 4. Let k(l) = 0*l**p - 3*l**2 + 2*l**2 + 1. Calculate k(1).
0
Let h(z) = z**2 + 6*z + 4. Let d be h(-6). Let x(k) = 4*k - 4. What is x(d)?
12
Let t = -19 - -16. Let a(z) = 3*z. What is a(t)?
-9
Suppose 0 = 4*p + b - 2, p - 5*b + 10 = 2*p. Let y(c) = -c**3 - c + 2. Calculate y(p).
2
Let g(z) be the second derivative of -z**4/6 - z**2/2 + 7*z. Suppose -3*b + 3 = -6*b. What is g(b)?
-3
Let x(n) = -1 + 5*